at is the ten thousands digit of 32897174?
9
What is the hundreds digit of 13349236?
2
What is the ten millions digit of 2902456354?
0
What is the tens digit of 283501484?
8
What is the thousands digit of 290690667?
0
What is the hundred thousands digit of 1791535432?
5
What is the hundred millions digit of 446356226?
4
What is the hundreds digit of 3736588284?
2
What is the billions digit of 3617771330?
3
What is the units digit of 65019426?
6
What is the tens digit of 1692242702?
0
What is the ten thousands digit of 170292136?
9
What is the millions digit of 555525427?
5
What is the ten millions digit of 1387640635?
8
What is the hundreds digit of 664523273?
2
What is the hundred thousands digit of 4961432?
9
What is the thousands digit of 3136442408?
2
What is the hundred thousands digit of 8603899?
6
What is the hundreds digit of 182833376?
3
What is the thousands digit of 91056384?
6
What is the thousands digit of 84895492?
5
What is the millions digit of 1710427527?
0
What is the tens digit of 34423036?
3
What is the ten millions digit of 33677175?
3
What is the ten millions digit of 166752573?
6
What is the hundred thousands digit of 148359200?
3
What is the hundred millions digit of 120713222?
1
What is the hundreds digit of 83219005?
0
What is the thousands digit of 70569690?
9
What is the hundred millions digit of 102874072?
1
What is the billions digit of 1623002863?
1
What is the units digit of 73415962?
2
What is the hundred millions digit of 657219340?
6
What is the tens digit of 19630142?
4
What is the thousands digit of 35705835?
5
What is the millions digit of 103528652?
3
What is the ten thousands digit of 448032679?
3
What is the hundred thousands digit of 165161082?
1
What is the hundred thousands digit of 1242774597?
7
What is the units digit of 1582706908?
8
What is the units digit of 83132365?
5
What is the ten millions digit of 3064352006?
6
What is the ten millions digit of 10849901?
1
What is the thousands digit of 170832745?
2
What is the thousands digit of 156556678?
6
What is the hundred millions digit of 163944741?
1
What is the hundreds digit of 1284623113?
1
What is the thousands digit of 10420315?
0
What is the thousands digit of 46442027?
2
What is the units digit of 105736622?
2
What is the hundreds digit of 135576978?
9
What is the hundreds digit of 6524411477?
4
What is the units digit of 485123736?
6
What is the hundreds digit of 164018825?
8
What is the tens digit of 5952867189?
8
What is the ten thousands digit of 1126938185?
3
What is the ten thousands digit of 218194643?
9
What is the units digit of 5046329685?
5
What is the millions digit of 93484034?
3
What is the tens digit of 299300472?
7
What is the hundred thousands digit of 9024701?
0
What is the hundred thousands digit of 9992056?
9
What is the millions digit of 576551737?
6
What is the ten millions digit of 204719837?
0
What is the ten millions digit of 1389768584?
8
What is the hundred thousands digit of 5239984501?
9
What is the hundred millions digit of 151355178?
1
What is the units digit of 29851130?
0
What is the thousands digit of 40503259?
3
What is the hundred millions digit of 126365471?
1
What is the thousands digit of 46500815?
0
What is the units digit of 959982994?
4
What is the hundreds digit of 47076864?
8
What is the units digit of 8568787832?
2
What is the tens digit of 932936628?
2
What is the ten thousands digit of 713922277?
2
What is the ten thousands digit of 1636000171?
0
What is the thousands digit of 532412347?
2
What is the billions digit of 2471488136?
2
What is the hundred millions digit of 160963851?
1
What is the hundred thousands digit of 193235361?
2
What is the ten thousands digit of 116255747?
5
What is the hundred thousands digit of 28847093?
8
What is the thousands digit of 241564024?
4
What is the hundred thousands digit of 66573057?
5
What is the thousands digit of 685129571?
9
What is the ten thousands digit of 297325438?
2
What is the units digit of 140606816?
6
What is the millions digit of 213347635?
3
What is the ten thousands digit of 11733989?
3
What is the millions digit of 32454853?
2
What is the millions digit of 256706021?
6
What is the billions digit of 8098324397?
8
What is the hundred millions digit of 425023909?
4
What is the hundreds digit of 115600703?
7
What is the ten thousands digit of 194420292?
2
What is the hundred thousands digit of 1012653693?
6
What is the hundred millions digit of 2329350142?
3
What is the ten millions digit of 230059323?
3
What is the millions digit of 212724219?
2
What is the ten millions digit of 263431881?
6
What is the thousands digit of 83977352?
7
What is the hundred millions digit of 148907965?
1
What is the units digit of 44184651?
1
What is the ten millions digit of 33476219?
3
What is the ten millions digit of 570888144?
7
What is the thousands digit of 1055772846?
2
What is the hundred thousands digit of 62954342?
9
What is the thousands digit of 21617178?
7
What is the ten millions digit of 90409416?
9
What is the hundred millions digit of 742949192?
7
What is the ten millions digit of 18879777?
1
What is the hundred millions digit of 183236023?
1
What is the tens digit of 3539821848?
4
What is the hundred thousands digit of 34453058?
4
What is the hundred millions digit of 170496611?
1
What is the thousands digit of 15652760?
2
What is the hundreds digit of 81307160?
1
What is the billions digit of 5636348513?
5
What is the ten millions digit of 186002227?
8
What is the millions digit of 144485818?
4
What is the hundred thousands digit of 138405230?
4
What is the hundreds digit of 1671670758?
7
What is the ten thousands digit of 28657946?
5
What is the hundreds digit of 37183540?
5
What is the hundreds digit of 8480323?
3
What is the units digit of 38614307?
7
What is the ten millions digit of 1180896762?
8
What is the ten millions digit of 613309401?
1
What is the ten thousands digit of 616288002?
8
What is the hundred thousands digit of 690408841?
4
What is the ten millions digit of 65315267?
6
What is the millions digit of 721285039?
1
What is the hundreds digit of 270779716?
7
What is the ten millions digit of 72448713?
7
What is the ten thousands digit of 2115488095?
8
What is the thousands digit of 81592363?
2
What is the hundreds digit of 1168820457?
4
What is the hundreds digit of 50805973?
9
What is the ten thousands digit of 2731388307?
8
What is the hundred thousands digit of 17020759?
0
What is the tens digit of 961934674?
7
What is the hundreds digit of 473176535?
5
What is the billions digit of 4358001122?
4
What is the hundred thousands digit of 2465649?
4
What is the billions digit of 3764821453?
3
What is the units digit of 627786790?
0
What is the hundred thousands digit of 166635917?
6
What is the hundred thousands digit of 5323084170?
0
What is the billions digit of 2585034027?
2
What is the ten millions digit of 59871229?
5
What is the tens digit of 415035990?
9
What is the thousands digit of 102807977?
7
What is the hundreds digit of 11235312?
3
What is the hundreds digit of 37594978?
9
What is the thousands digit of 25087001?
7
What is the millions digit of 176710039?
6
What is the tens digit of 66816331?
3
What is the millions digit of 109873542?
9
What is the tens digit of 92942068?
6
What is the hundred thousands digit of 4906784645?
7
What is the tens digit of 726472885?
8
What is the ten thousands digit of 189581398?
8
What is the ten thousands digit of 78138982?
3
What is the ten millions digit of 73974014?
7
What is the thousands digit of 2176738830?
8
What is the hundreds digit of 118160979?
9
What is the ten millions digit of 108566887?
0
What is the hundred thousands digit of 38322355?
3
What is the ten millions digit of 235131710?
3
What is the hundred thousands digit of 47092741?
0
What is the ten millions digit of 3650999387?
5
What is the millions digit of 468337679?
8
What is the billions digit of 3215898900?
3
What is the hundreds digit of 676713151?
1
What is the hundred thousands digit of 632570122?
5
What is the thousands digit of 7604919?
4
What is the billions digit of 1145481149?
1
What is the thousands digit of 8975059?
5
What is the tens digit of 1958806780?
8
What is the ten millions digit of 197